of b?
3, 31
Let x(o) = -o**3 - 7*o**2 - 5*o - 8. Let a be x(-6). Suppose -136 = -5*z - 16. Let u = a + z. What are the prime factors of u?
2, 5
Let w(l) = 23*l - 18*l - l**2 - 24 - 15*l - 10*l. What are the prime factors of w(-11)?
3, 5
Let z(a) = -10 - 7 + 8 + 13*a. Let y = 2 + 3. What are the prime factors of z(y)?
2, 7
Let g(y) = -7*y**2 - 1 - y + 0*y**2 - y**3 - 4*y. Let k be g(-7). Suppose 2*l + j = k, -l + 0*j + 20 = -j. List the prime factors of l.
2, 3
Let c = 6 + -64. Let p = c + 98. List the prime factors of p.
2, 5
Suppose -u + 3*u - 4 = 3*t, -8 = -4*t - 4*u. Suppose t*d = 2*d - 60. Suppose -2*f + 4*j + d = -f, 4*f + j = 120. What are the prime factors of f?
2, 3, 5
Suppose 0*u = 2*u + 12. Let i(f) = 2*f**2 + 6*f + 4. Let p be i(u). Let a = -18 + p. What are the prime factors of a?
2, 11
Let b(r) = -3*r**2 - 4*r - 2. Let h be b(-6). Suppose 0 = -4*t - 204 + 52. Let k = t - h. List the prime factors of k.
2, 3
Let s(l) = l**3 - 7*l**2 - 6*l - 14. Let u be s(8). Suppose -u*i = -115 - 11. List the prime factors of i.
3, 7
Let b(z) = z + 7. Let v be b(-4). Suppose v*h = -12, 2*a - h - 186 = -2*h. List the prime factors of a.
5, 19
Let f(c) = 32*c**2 + c - 3. Let s be f(2). Suppose 0 = -4*w + s + 289. What are the prime factors of w?
2, 13
Suppose 11709 = -23*t + 55547. What are the prime factors of t?
2, 953
Suppose -5*w + 5 = -5*f, -4*w + 9*w - 45 = -5*f. Suppose -w*a = 3*k - 3*a + 34, 4*k - 3*a + 68 = 0. Let c(y) = -y - 4. List the prime factors of c(k).
2, 5
Let v = 2826 + -1255. What are the prime factors of v?
1571
List the prime factors of (9420/135)/((-4)/(-18)).
2, 157
Let w = 4 - -4. Suppose -13*u + 30 = -w*u. Let g(j) = j**2 - 2*j + 9. What are the prime factors of g(u)?
3, 11
Let q = -245 + 673. List the prime factors of q.
2, 107
What are the prime factors of 96 - (-1 + 1)/4 - 2?
2, 47
Suppose -1 = -4*n + 7. List the prime factors of (-92)/(-2)*(n + -2 + 1).
2, 23
Suppose 4*t - 18 - 18 = 0. Let f be t/(4 - (-39)/(-12)). List the prime factors of 2 - f/(-9)*3.
2, 3
Let i be 3 + -2 + (-2 - 0). Let u be (-2)/i*(-22)/(-11). Let x(p) = p**3 - p**2 - 5*p - 1. What are the prime factors of x(u)?
3
Let b(y) = -3*y + 185. What are the prime factors of b(0)?
5, 37
Let r(z) = z**3 - 37*z**2 + 40*z + 53. What are the prime factors of r(36)?
197
Let m(q) = -q**3 + q + 15. Let s = -18 + 18. What are the prime factors of m(s)?
3, 5
Let r = 9 + -36. What are the prime factors of r/2*(-3 + 20/12)?
2, 3
Suppose 5*w + 4*t = 7*t - 171, -175 = 5*w - 5*t. Let c = 14 - w. List the prime factors of c.
47
Let m = -671 - -3356. List the prime factors of m.
3, 5, 179
Let l(y) be the first derivative of y**4/12 + y**3/6 - y**2 - 12*y - 4. Let v(f) be the first derivative of l(f). What are the prime factors of v(6)?
2, 5
Suppose -1191 = -6*a - 1179. Suppose -6*b = -b + 15. List the prime factors of (b - a - -4)*-67.
67
Suppose -23*l = -3625 - 16891. List the prime factors of l.
2, 223
Let b(n) = 16*n**2 + 23*n + 14. List the prime factors of b(-12).
2, 1021
What are the prime factors of (104/(-20))/((-1)/40)?
2, 13
Let w be (0 + 10/4)*2. Suppose 4*h + q - 621 = 0, 4*h + 0*q = -w*q + 625. What are the prime factors of h?
5, 31
Let h = 18 + -14. Suppose 2*z = h*z. Suppose -9 = f - 5*q - 0*q, z = 4*f - 3*q - 32. List the prime factors of f.
11
Let t(b) = -2*b + 24. Let o be t(12). Let j(l) = l**3 - l + 40. List the prime factors of j(o).
2, 5
Suppose j + 7*j = 2160. List the prime factors of j.
2, 3, 5
Suppose -5*i = w - 212, 3*w - 8*i - 568 = -6*i. List the prime factors of w.
2, 3
Let i be 38/20 - 5/(-50). List the prime factors of (-11)/i*1*-22.
11
Let p(m) be the first derivative of -m**3/3 - 13*m**2/2 + 34*m + 9. Suppose -8*i + 3*i - k - 65 = 0, -i + 2*k = 24. List the prime factors of p(i).
2, 5
Let y = 48 + -44. Suppose -151 = -3*k + n, k + y*k - 233 = -3*n. List the prime factors of k.
7
Let f(v) = -v**2. Let y be f(1). Let x = y + 3. Let n(k) = 11*k + 1. What are the prime factors of n(x)?
23
Let p(b) = -25*b - 3. Let v(x) = 50*x + 6. Let a(i) = -7*p(i) - 4*v(i). List the prime factors of a(-2).
47
Suppose n - 3 = 0, -4*z - 3*n + 652 = n. Let h = z - -36. What are the prime factors of h?
2, 7
Suppose 411 = 2*u + 3*n - 51, -n + 686 = 3*u. List the prime factors of u.
2, 3, 19
Suppose -176 + 728 = 3*y. List the prime factors of y.
2, 23
Let y(p) = 31*p + 9. Let k be y(6). Let v = k - 60. List the prime factors of v.
3, 5
Let z = 76 - 74. Let p(m) = 17*m**3 + 4*m**2 - 3*m + 1. List the prime factors of p(z).
3, 7
Suppose 41*q - 7*q = 10880. List the prime factors of q.
2, 5
Suppose 91*f - 87*f + 888 = 0. Let k = 5 - f. What are the prime factors of k?
227
Suppose -2416 + 328 = -9*t. Suppose 2*r - 2*d - 316 = 0, -4*r + 428 = 3*d - t. List the prime factors of r.
2, 3
Suppose 11*z - 3102 = 1716. List the prime factors of z.
2, 3, 73
List the prime factors of 23/((-276)/(-24)) - -3199.
3, 11, 97
Let a = -56 + 12. Let o be (8/10)/(a/(-110)). Suppose -3*x = -o*x - 23. List the prime factors of x.
23
Let j be (28 - (6 - 3)) + -3 + 2. List the prime factors of (92/j*3)/(2/20).
5, 23
Suppose 4*a + n = 5754, 20*a - 5*n = 15*a + 7205. What are the prime factors of a?
1439
Suppose n - 27 = 1. Let v = -8 + n. List the prime factors of (-1 - v/(-8))*14.
3, 7
Let z(m) = m**3 + 5*m**2 + 2*m - 5. Let h be -7 - (-3 + 2) - -2. List the prime factors of z(h).
3
Suppose 5*u - 2*g = -5238, -4*u + g - 6*g - 4197 = 0. List the prime factors of (-57)/(-38)*u/(-6).
2, 131
Let w(h) = h**2 + 8*h + 7. Let d be w(-9). Suppose 0 = y - 4 - d. List the prime factors of ((-56)/y)/(1/(-5)).
2, 7
Suppose z - 5 = -11. Let a be (z/5)/((-9)/60). Let p(i) = 5*i - 6. List the prime factors of p(a).
2, 17
Let o = 4 - 2. Suppose 5 = -3*k - o*p + 1, -9 = 3*k - 3*p. List the prime factors of (k - (-56)/2) + 2.
2, 7
Let l = 577 + 396. List the prime factors of l.
7, 139
Suppose -11*v = 12*v - 16905. List the prime factors of v.
3, 5, 7
Let k be 5 - 282/54 - (-56)/9. What are the prime factors of (k/(-12))/(1/(-164))?
2, 41
Suppose 2*k - 4 = -3*w - w, -5*w = 0. Suppose -k*z + 0*z - 92 = -m, -4*z = -3*m + 268. What are the prime factors of m?
2, 3, 7
Suppose -4*z + 2814 = 2*l, -2789 = -2*l + 4*z - 3*z. What are the prime factors of l?
11, 127
What are the prime factors of (2 - 56/32)*11260?
5, 563
Suppose 6*n - 9*n = 3. Let c be (n + 2)/1*5. Suppose -c*h - 3*b = 2*b - 220, -3*b + 92 = 2*h. List the prime factors of h.
2, 5
Suppose 2*d + i - 1815 = 0, -2*d = 11*i - 6*i - 1827. What are the prime factors of d?
2, 3, 151
Let i = -22 + 31. Let p = i - -11. What are the prime factors of p?
2, 5
Let s(f) = -3*f**3 + 5*f**2 + 14*f - 23. List the prime factors of s(-5).
11, 37
Let g = 17 + -14. Suppose -g*z + 15*z = 1452. List the prime factors of z.
11
Let v = 14 + 36. Suppose v*m + 164 = 52*m. List the prime factors of m.
2, 41
Suppose -a - 2*a - 30 = 0. Suppose 72 = 3*j - 21. Let u = a + j. What are the prime factors of u?
3, 7
Let h(t) = -3*t - 2. Let n be h(-2). Let o be n/(-9 - -1)*0. Suppose o = -5*j + 25, -j + 1 = 3*a - 91. What are the prime factors of a?
29
Let o = 163 - 94. List the prime factors of o.
3, 23
Suppose 0 = 6*d - 5*d - 398. Suppose 2*r + 386 = 7*r - 3*q, 0 = 5*r + q - d. What are the prime factors of r?
79
Suppose -5*g - 35 = -4*g. Let v be 2/9 + g/(-45). List the prime factors of 17 - 1/(0 - v).
2, 3
Let j(v) = -v**2 + 10*v + 13. Let g be j(9). Suppose -2*t + r = 8, -t - g = 4*r - 0. What are the prime factors of 6 + (t - -3) + 0?
3
Suppose -w + 58 = -106. Let i = -68 + w. What are the prime factors of i?
2, 3
Let n(i) = i**2 - i - 1. Let d be n(3). Suppose 2*k + 2*k = -d*m + 265, 3*m + 3*k - 162 = 0. What are the prime factors of m?
7
Let u(r) = 15*r + 5 + 9*r - 33*r. List the prime factors of u(-6).
59
Let g be (6/2 - 2)*4. Suppose -6*c + g*c = -118. List the prime factors of c.
59
Let b(m) = m**2 + 6*m + 1. Let g be b(-5). Let j be (-244)/(-6) + g/6. Suppose -4*v - h + 42 = 0, -13 - j = -5*v - h. List the prime factors of v.
11
Suppose 11*h - 7940 = 6*h. List the prime factors of h.
2, 397
Let q = 28 + -23. Suppose -3*a + 2*s - 3*s + 80 = 0, q*a - 148 = 2*s. Suppose 6*t + a = 10*t. What are the prime factors of t?
7
Let g be ((-1)/(-1))/((-6)/(-12)). Let n(s) = 4*s - 8*s 